et d = -4 - -4. Let p = -2 + d. What is the units digit of ((-8)/(-2))/(p + 4)?
2
Let b(x) = -2*x**3 - 10*x**2 + 8*x - 7. Let u(c) = c**3 + c**2 + 1. Let h(r) = -b(r) - 3*u(r). Let g be h(6). Let f = g - -13. What is the units digit of f?
5
Suppose 2*c - 68 = 80. What is the tens digit of c?
7
Suppose 1551 = 5*i + v, -11*i - 2*v = -6*i - 1547. What is the hundreds digit of i?
3
Suppose -q - 242 = k - 6*k, -187 = -4*k + 3*q. What is the units digit of k?
9
Let a(p) = -p**3 + 3*p**2 + 2*p. What is the units digit of a(3)?
6
Suppose 5*r + 4*c = 20, 0 = 3*r - c - 18 + 6. Let s = 13 - r. What is the units digit of s?
9
Let b be ((-42)/4)/(2/(-4)). Suppose -2*q + b = p, -2*q + 4*q = 2. Suppose 0 = 4*m - 17 - p. What is the units digit of m?
9
Let n = 26 - 14. What is the units digit of n?
2
Let d(v) = v**3 + 3*v**2 - 2*v + 3. Let i be d(-4). Let n(q) be the second derivative of q**4/12 + 2*q**3/3 - q**2 + q. What is the units digit of n(i)?
3
Let o be 1 + -14*2/(-4). Suppose -4*f + o*f = 52. What is the tens digit of f?
1
Let q be 3*1*2/3. Suppose -15 = -n - q. What is the tens digit of n?
1
Let c be 6/12*0/1. Suppose c = 2*q - 4*q + 8. Suppose -3*p = 2*v - q - 5, -4*v + p = -39. What is the units digit of v?
9
Suppose 10*g - 10 = 5*g. Suppose l + 74 = 5*l - 3*o, -g*l - 5*o = -24. What is the units digit of l?
7
Suppose -29*m + 360 = -25*m. What is the units digit of m?
0
Let k be 6/(-7)*(-7 + 0). Let z = 12 - k. Suppose l = -l + z. What is the units digit of l?
3
Suppose z + 240 = 5*z. Suppose -3*c + z = 2*c. What is the units digit of c/6 - (-3)/1?
5
Suppose 0 = t - 5, -2*c - c - 17 = -4*t. Let u(x) = x**3 + x**2 + x - 1. Let i be u(c). Let z = i + 5. What is the units digit of z?
7
Let p be (-6)/(-4) + 147/2. Let r = p + -44. Let z = r + -19. What is the tens digit of z?
1
Let h(i) = i + 3. Let m be h(-6). What is the units digit of -1 + 6/m - -19?
6
Let o be ((-4)/10)/((-2)/(-40)). Let c = o - -10. What is the units digit of c?
2
Suppose -3*m = -7*m + 52. Suppose 0 = 5*o - m - 62. What is the tens digit of o?
1
Suppose -3*g = -18 - 18. What is the tens digit of g/(-90) - 362/(-15)?
2
Let q(y) be the second derivative of y**4/12 - y**3/3 + 7*y**2/2 - 9*y. What is the units digit of q(0)?
7
Suppose -3*n - 180 = -9*n. What is the tens digit of n?
3
What is the units digit of (-2)/4 + 375/10?
7
Suppose -2*d = o - 6, 2*o = 4*d + d - 15. Suppose -2*u + 0*u + 12 = o. What is the units digit of (-3)/2*u/(-1)?
9
Let s(x) = x**3 + 16*x**2 + 14*x + 18. Let g(c) = 3*c + 9. Let k be g(-8). What is the units digit of s(k)?
3
Suppose -4*c + 5*k = -2*c + 24, 0 = -3*k + 6. Let d = c + 38. What is the units digit of d?
1
Let x = 47 + -86. Let u = x + 64. What is the units digit of u?
5
Let s(q) = 6*q**2 + 1. Suppose 0 = -4*j + r, 6*r - 2*r - 17 = -j. Let f be s(j). Suppose 3*w - 1 = -3*l + f*l, -w + 32 = 5*l. What is the units digit of w?
7
Suppose -22 = -2*h + 4. What is the units digit of h?
3
Let q(y) = y**2 - 4*y + 3. Let v be q(4). Suppose -v*u - 2*u + 20 = 0. What is the units digit of u?
4
Suppose 10 = 6*i - 4*i. Let a be 6/i*(-2 - 3). Let u = 10 + a. What is the units digit of u?
4
Suppose 5*a + 70 = 25. Let k(x) = x + 12. Let c be k(a). Suppose b = 4 - c. What is the units digit of b?
1
Suppose s = 3*m + 17 + 26, s - 25 = -3*m. What is the units digit of s?
4
Let x(c) = c**2 - 6*c + 1. What is the units digit of x(-7)?
2
Let b(j) = j + 11. Let a be b(0). Let r(s) = 7*s**2 - s + 1. Let m be r(-2). Suppose a = 3*z - m. What is the units digit of z?
4
Let k be 7/1*(-1 - 0). Let b(i) = i**2 + 6*i + 7. What is the units digit of b(k)?
4
Suppose 2*p = -2*s + 20, 0 = p + 7*s - 2*s + 10. Let h = p + 20. What is the tens digit of h?
3
Suppose 1195 = 5*l + 285. What is the hundreds digit of l?
1
Suppose 5 - 16 = n. Suppose 3*c + c = -92. Let p = n - c. What is the tens digit of p?
1
Suppose 3*b = 4*b. Suppose b = 4*x - x. Suppose -2*i + 4*h + 20 - 4 = x, 5*i = 5*h + 35. What is the units digit of i?
6
Suppose -2 - 1 = 3*n. Let v(r) = -4*r**2 + 2*r + 1. Let h be v(n). What is the units digit of 3*h*(-2 + 1)?
5
Let q = -3 + 3. What is the units digit of (3/(-6) - q)*-2?
1
Let s = 255 - 110. What is the units digit of s?
5
Let d be (4/(-1))/(1 + -2). Suppose 44 = c - 5*b, -d*b + 128 = 4*c - 0*c. Suppose 5*w - 1 = c. What is the units digit of w?
7
Let l = -90 - -201. What is the hundreds digit of l?
1
Suppose -v + 2*g - 51 = 0, -3*v - 5*g = -g + 113. Let n = 72 + v. What is the units digit of n?
9
Let i(d) = 35*d**2 - d + 2. What is the tens digit of i(1)?
3
Let g(q) = q**3 - 9*q**2 + 14*q - 21. What is the tens digit of g(9)?
0
Suppose 2*a = -2*i - 0 + 6, 3*a = -i + 19. Suppose 0 = 5*z - 20, 0 = -a*x + 3*x - 5*z + 25. What is the units digit of x?
1
Let l be -2*3/2*-1. Suppose z + 16 = l*z. What is the units digit of z?
8
Let h = 8 - 7. Let v be (-16)/2 - (h + -1). Let j = 17 + v. What is the units digit of j?
9
Suppose -v + 66 = 3*v - r, 3*v - 42 = -3*r. What is the tens digit of v?
1
Let v = 72 - 51. What is the tens digit of v?
2
Let b = 51 - -12. What is the units digit of b?
3
What is the units digit of (-23 - -1)*(-4)/8?
1
Suppose 2*n = -0*n. Let y(v) = 4*v + 0*v - 3 + n. What is the units digit of y(3)?
9
Let v be 74/3 - (-4)/(-6). Suppose 0 = -2*d + 3*r + 46, -2*d - r = -2*r - 38. Let t = v - d. What is the units digit of t?
7
Let k(w) = 12 + 8*w**2 - 3*w**2 - 9 + w. Let b be k(3). What is the units digit of 1/(((-12)/b)/(-4))?
7
Let k(i) = 8*i**2 + 9*i - 48. What is the units digit of k(5)?
7
Suppose 3*h - 3 = -3*w + 3, -5*w = 3*h - 12. What is the units digit of w?
3
Suppose 1875 = 7*d + 8*d. What is the tens digit of d?
2
Let s(m) = -m + 13. Let d be s(11). Suppose 3*k - 48 = -3*r, d*r + 4*k = k + 29. What is the units digit of r?
9
Suppose -2*x - 2*l - 366 = -7*x, -x + 3*l + 81 = 0. What is the units digit of x?
2
Let x = 30 + -6. Let n = x + -14. Suppose 1 - n = -v. What is the units digit of v?
9
Let i be 4/(-2*3/(-30)). Suppose 6*u + 16 = 5*h + 5*u, 5*h - 5*u = i. Let c = h + 3. What is the units digit of c?
6
Let n(x) = 13*x + 4. Let f be n(7). Let q = -53 + f. What is the units digit of q?
2
Suppose -122 = 3*i + 244. Let z = -72 - i. Suppose 2*j - 14 = -v, -v + 5*j = -6*v + z. What is the units digit of v?
6
Let v(y) = -5*y + 32. What is the tens digit of v(4)?
1
Let q(b) = -25*b. What is the units digit of q(-2)?
0
Suppose 2*i - 5*n - 5 = -2*i, 2*n - 31 = -5*i. Suppose -s = -i*s + 32. What is the units digit of s?
8
Suppose -r = -0*r - 13. What is the tens digit of r?
1
Let k = -4 + 8. Suppose 0 = -2*j - 4*s + 12, -k*s + 4 = 5*j - 8. Suppose -5*y - i - 4*i = -25, -3*y - 5*i + 15 = j. What is the units digit of y?
5
Let p = -2 + 4. Suppose i - 18 = -2*i - p*w, 0 = -i + w + 6. Let t = -4 + i. What is the units digit of t?
2
Let o = -28 + 38. What is the units digit of o?
0
Let i(s) be the third derivative of -2*s**2 + 1/10*s**5 + 0*s + 1/3*s**3 + 1/120*s**6 + 1/6*s**4 + 0. What is the units digit of i(-5)?
7
Let f be 2/10 - 164/20. Let n be (-4)/(-10) + f/(-5). Suppose -14 = -n*v - 0*v. What is the units digit of v?
7
Let b be (-9)/6*2/(-3). Let r(x) = 20*x + 1. What is the tens digit of r(b)?
2
Suppose -5*i + 117 = -2*i. Suppose -3*z + 6*z = i. Let a = 25 - z. What is the units digit of a?
2
What is the units digit of ((-35)/20)/((-3)/84)?
9
Let c(w) = w**3 - 3*w**2 - 4*w. Let y be c(4). Suppose y*i - 33 = -3*i. What is the tens digit of i?
1
Suppose -r = 2*d + 1, d = -4*d - 2*r. Let g(l) = l**2 + 11*l - 1. Let v(n) = 3*n**2 + 34*n - 4. Let u(y) = d*v(y) - 7*g(y). What is the tens digit of u(-6)?
1
Let g(j) = j**2 + j + 11. What is the units digit of g(11)?
3
Suppose 2*j = -2*i - 0*j + 12, -4*i + 25 = 5*j. Suppose 3*w + w - 3*o = 102, 3*w - 62 = -i*o. What is the units digit of w?
4
Let p(y) = 4*y + 3. What is the units digit of p(2)?
1
Let d be (10/(-4))/(2/(-4)). Suppose -d*f = -x + 3*x - 68, 112 = 4*x - 2*f. Suppose -5*r + m + 2 = -x, -r - 13 = -5*m. What is the units digit of r?
7
Suppose -4*r + r - 5*g + 17 = 0, 0 = 3*r - g - 11. Let k(d) = -d**2 + 4*d + 2. Let w be k(r). Suppose 0*a + 16 = w*a. What is the units digit of a?
8
Let t = -1 + 5. Suppose t*w - 98 = -w - 3*r, 3*w - r - 70 = 0. What is the units digit of w?
2
Let s = -5 - -10. S